s the highest common divisor of u and 25?
25
Let d(w) be the third derivative of w**4/12 + 3*w**3/2 - w**2. Suppose h - 5 = -0*h. Let g be d(h). What is the highest common divisor of g and 76?
19
Let j be (-3)/(-11) + (-14954)/(-22). What is the highest common divisor of 160 and j?
40
Let u = -1293 - -1442. What is the greatest common factor of u and 1?
1
Suppose 2*m - 5*m + 993 = 0. Suppose 4*r = 145 + m. Let i be 17/r + (-166)/(-14). Calculate the highest common divisor of i and 30.
6
Let b(r) = -r**2 + 9*r + 11. Let f be b(9). Suppose 2*z = -0*z. Suppose 3*h - 108 = -z*u - u, -3*h - 486 = -5*u. What is the highest common factor of f and u?
11
Let h be 247/((-8)/(-20) - (-3)/30). What is the greatest common factor of 13 and h?
13
Suppose 2*n + n - 9 = 0. Let g(x) = -6*x + 6. Let v be g(n). Let m be v/9*36/(-4). What is the greatest common divisor of 60 and m?
12
Suppose 3*t - 43 = 17. Let f(a) = 13*a - 24. Let x be f(2). Calculate the highest common divisor of t and x.
2
Suppose -3*a = -0*a - 9. Suppose a*n - 5*y = -1, -2*y + 9 = -n + 8. What is the highest common divisor of 1 and n?
1
Let h = -170 - -248. Let l = -8229 - -8424. Calculate the highest common factor of h and l.
39
Let r(d) = -3*d - 6*d + d - 8 - 2*d. Let j be r(-6). Suppose -4*h + j = f + 2*f, 12 = 3*f. What is the greatest common divisor of h and 80?
10
Suppose 2*w + 9 = 5*w. Let a(j) = -3*j + 3*j**2 + j - 5*j**3 + 6*j**3 + 2. Let o be a(w). What is the highest common divisor of 125 and o?
25
Let s(g) be the first derivative of g**3/3 + 17*g**2/2 - 21*g + 7. Let d be s(-17). Let h = -11 - d. Calculate the greatest common divisor of h and 5.
5
Suppose -2*u + 37 = -5*c, 3*u - c - 8 = 41. Calculate the highest common factor of u and 80.
16
Let n = 176 + -92. Suppose -y + n = 3*y. Calculate the highest common divisor of 189 and y.
21
Let s(m) = -m**3 + 8*m**2 + m + 7. Let i be s(7). Calculate the greatest common divisor of i and 168.
21
Suppose -5*t = -3*z - 137 - 75, 0 = -5*t + 5*z + 220. Let r = 46 - 38. What is the greatest common factor of r and t?
8
Let r(g) = -16*g + 172. Let l be r(10). Calculate the greatest common divisor of 54 and l.
6
Let c be (3 - 2)/(1/4). Suppose 5*n - 5*m - 13 = 17, c*n = 3*m + 22. Suppose -3*d = -n - 17. What is the highest common factor of 7 and d?
7
Let b(y) = 2*y**2 - 23*y + 58. Let t be b(8). Let f(l) = -3*l**2 + 2*l - 1. Let r be f(1). Let u = r + 6. Calculate the highest common divisor of u and t.
2
Let m be 1844/14 - (-2)/7. Let u(t) = 4*t + 20. Let n be u(6). Let w be (-76)/(-6) + n/(-66). Calculate the greatest common divisor of m and w.
12
Suppose -j + 3*z + 82 = 0, j - 4*j + 2*z = -246. Suppose 4*f - 30 = j. Let u = 46 - f. What is the highest common factor of u and 45?
9
Let k(v) = -v**3 - 20*v**2 + 11. Let a be k(-20). Calculate the highest common factor of a and 176.
11
Suppose 9 - 14 = -o. Suppose 3*g = -2*g - o*h + 260, 62 = g - 4*h. What is the greatest common divisor of g and 72?
18
Suppose 4*j + 5*z - 111 = 0, -2*j - 5*z = 23 - 76. Suppose w = -4*f + j, -2*w = -3*f - f + 2. What is the greatest common divisor of 27 and w?
9
Let b(r) = 107*r**3 - 8*r**2 + 10*r - 3. Let n be b(2). Calculate the highest common factor of 29 and n.
29
Suppose 0 = -4*f + 20*a - 15*a + 260, -4*f + 3*a + 268 = 0. Calculate the greatest common factor of 28 and f.
14
Suppose 5*r = 267 + 103. Suppose -3*h - 2*z = -r, -2*h - 4*z + 44 = -0*z. Suppose 130 = -x + 3*x. Calculate the greatest common divisor of x and h.
13
Let x be 14/6*36/42. Suppose -3*a + 62 = 2*z, 5*a - 3*a - 5*z = 54. What is the highest common divisor of x and a?
2
Suppose -5*k - f = f - 42, 0 = -5*f - 20. Let q = 34 + -12. Suppose -4*a + q = -2*i, 0*a - i + 19 = 4*a. What is the greatest common factor of k and a?
5
Let m = -67 + 70. Suppose -m*w - 4 = -2*o, 0 = -o - 2*w - 3*w + 28. Let c = -1 - -2. What is the greatest common divisor of c and o?
1
Let w = 63 + -9. What is the greatest common factor of 486 and w?
54
Let w(r) = 6*r + 14 + 2*r + r + r**2. Let a be w(-11). What is the highest common factor of a and 4?
4
Let g = 56 - 36. Let k(d) = d**2 + 24*d + 85. Let f be k(-20). What is the greatest common divisor of g and f?
5
Let b(f) = 11*f**2 + 2*f - 1. Let k be b(1). Let j be 2/(-3)*(k + -6). Let t be (-105)/j - (-9)/12. Calculate the greatest common divisor of t and 18.
9
Let y be ((-8)/(-6))/(4/12). Suppose -2*t = -0*l - y*l - 188, 5*t - 5*l - 455 = 0. Calculate the highest common factor of t and 11.
11
Let t be -2 - 0 - (-7 + 2). Suppose 0 = q - 11 + 6. Suppose 14 = q*w + m, -5*w - m = 2*m - 22. What is the highest common divisor of t and w?
1
Let n be ((-4)/(-1))/((-5)/(-10 - -5)). Suppose -11*a = -7*a - n. Calculate the highest common divisor of a and 3.
1
Let r = 2854 - 2800. What is the greatest common divisor of r and 36?
18
Let x = -6 - -10. Suppose 0*a - 2*a + x = 0. Suppose a = o - 9. What is the highest common divisor of 55 and o?
11
Suppose 0 = 4*o - 0*o - 100. Let g(n) = -n**3 - 7*n**2 + 6*n - 6. Let q be g(-8). Calculate the greatest common divisor of o and q.
5
Let r be (2 + 6)*(0 + 7/2). Let w = 13 - -1. What is the greatest common factor of w and r?
14
Suppose 39*d - 8060 = 26*d. Calculate the highest common divisor of 60 and d.
20
Suppose 94 = 15*k - 56. What is the greatest common factor of 5 and k?
5
Suppose c = i + 445, -5*c + 4*i + 448 + 1780 = 0. Calculate the highest common factor of 64 and c.
64
Suppose -25 = a + 4*a. Let y = -2 - a. Suppose -3*s + 17 = 5*r - 16, 57 = y*s - 3*r. Calculate the greatest common divisor of 64 and s.
16
Let m(o) be the first derivative of o**3/3 + o**2/2 - 4*o + 8. Let y be m(3). What is the greatest common factor of 128 and y?
8
Let f(q) = q**3 - 5*q**2 + 5*q - 24. Let b be f(6). Suppose g - 21 = 6. Let y = b - g. What is the highest common divisor of y and 6?
3
Let y be -2*33/6*-8. What is the highest common factor of 11 and y?
11
Suppose 4*r = b + 52, 9*b = 5*r + 6*b - 65. Calculate the greatest common factor of r and 793.
13
Suppose -16 = d - 4*o - 39, 23 = d - 2*o. Calculate the highest common factor of 23 and d.
23
Let p(b) = 2*b**3 - 2*b**2 + b - 4. Let z be p(2). Let t be (134/(-3))/(z/(-9)). Let n = 54 + t. Calculate the greatest common factor of 11 and n.
11
Let u = -131 + 146. What is the highest common factor of 18 and u?
3
Suppose -r + 7 = 3*b - 20, 0 = b + 5*r - 23. Suppose 5*j = 4*j + b. Let g = 42 + 46. Calculate the highest common divisor of g and j.
8
Let w be (-12)/(1 - 0/(-1)). Suppose 5*x - 33 = 3*g, -g = -8 + 4. Let m be (-81)/6*w/x. Calculate the highest common divisor of 126 and m.
18
Let k be (-10)/((-10)/7) + 518. What is the greatest common divisor of 150 and k?
75
Suppose -m + 4 - 2 = 0. Suppose -158 = -m*q + 268. Let n be 3/(-15) + q/15. What is the highest common factor of 7 and n?
7
Suppose -3*j + 9 = 6. Let d(m) = m**3 + 5*m**2 - m + 6. Let n be d(-5). What is the highest common factor of n and j?
1
Suppose -4*b = -3*b + 4, 2*b - 32 = -5*a. Calculate the highest common divisor of a and 4.
4
Let x(g) = 2*g + 2. Let p be x(-4). Let q be (-861)/p - 4/8. What is the greatest common factor of q and 13?
13
Suppose -5*t = z - 6*z - 5, 3*z + 1 = 5*t. Let a(i) = 38*i**2 + 11*i + 10. Let r be a(t). What is the highest common divisor of r and 111?
37
Let y be (-1241)/(-136) + (-2)/16. Suppose -4*c - 3*s = -105, 0 = -0*c + c - 5*s - y. Let j = 106 - 46. Calculate the greatest common factor of c and j.
12
Let s(b) = -5*b + 91. Let o be s(-6). What is the greatest common divisor of o and 22?
11
Suppose -246*n + 222*n = -840. What is the highest common factor of 7 and n?
7
Let o be ((-6)/(-9))/(10/15). Let y be 50 - o/1 - 1. Suppose j - y = -j. Calculate the highest common factor of 16 and j.
8
Suppose -10 = -5*f + 3*h, 2*h - 5 = -3*f + 4*h. Suppose f*a = 76 + 204. Calculate the greatest common divisor of a and 7.
7
Let h be (1 + 13)*(-60)/(-8). Let y(a) = 5*a**2 + 0*a + 2*a**2 - a**3 + 32*a - 14*a + 15. Let q be y(9). Calculate the highest common factor of h and q.
15
Let w(o) = -o + 6. Let d be w(-2). Suppose 5*g - 39 = d*g. Let i = g - -39. What is the highest common divisor of 65 and i?
13
Let q be (135/(-10))/(2*(-3)/60). Suppose -90 = -5*l + 3*g + 57, -2*g + 46 = 2*l. Calculate the greatest common factor